{"id":972,"date":"2022-12-02T13:08:46","date_gmt":"2022-12-02T13:08:46","guid":{"rendered":"https:\/\/ulukokkursun.com\/?page_id=972"},"modified":"2022-12-05T11:30:59","modified_gmt":"2022-12-05T11:30:59","slug":"hurda-aku-alimi","status":"publish","type":"page","link":"https:\/\/ulukokkursun.com\/index.php\/hurda-aku-alimi\/","title":{"rendered":"Hurda Ak\u00fc Al\u0131m\u0131"},"content":{"rendered":"<p>[vc_row][vc_column][vc_column_text]<\/p>\n<h4 style=\"text-align: center;\">Hurda ak\u00fcleriniz firmam\u0131z taraf\u0131ndan sat\u0131n <a href=\"https:\/\/ulukokkursun.com\/index.php\/ulukok-kursun-iletisim\/\">al\u0131nmaktad\u0131r<\/a>.<\/h4>\n<p>[\/vc_column_text][vc_empty_space][vc_empty_space height=&#8221;15&#8243; css=&#8221;.vc_custom_1670236596125{background-color: #15416e !important;}&#8221;][vc_empty_space][vc_column_text]<\/p>\n<p style=\"text-align: center;\"><a class=\"button lg\" href=\"https:\/\/ulukokkursun.com\/index.php\/ulukok-kursun-iletisim\/\">\u0130leti\u015fim<\/a><\/p>\n<p>[\/vc_column_text][vc_separator color=&#8221;custom&#8221; accent_color=&#8221;rgba(54,70,115,0.08)&#8221; css=&#8221;.vc_custom_1461899049711{margin-top: 40px !important;margin-bottom: 40px !important;}&#8221;][vc_row_inner][vc_column_inner width=&#8221;1\/4&#8243;][vc_single_image image=&#8221;874&#8243; img_size=&#8221;full&#8221;][\/vc_column_inner][vc_column_inner width=&#8221;3\/4&#8243;][vc_column_text]<\/p>\n<h3><strong>Hurda Ak\u00fc Nereye Sat\u0131l\u0131r?<\/strong><\/h3>\n<p>Hurda ak\u00fc nereye sat\u0131l\u0131r; eski ak\u00fclerinizi hurdac\u0131lara, ak\u00fc firmalar\u0131na, bayilerine ve otomobil tamircilerine satabilirsiniz. Hurda ak\u00fc satabilece\u011finiz servislere ba\u015fvuru yapabilir ve hemen sat\u0131\u015f ger\u00e7ekle\u015ftirebilirsiniz. Hurda ak\u00fc satmak i\u00e7in fiyat tekliflerini inceleyin. Uluk\u00f6k Kur\u015fun hurda ak\u00fclerinize taliptir. Firmam\u0131zdan fiyat teklifi almadan hurda ak\u00fc <a href=\"https:\/\/ulukokkursun.com\/index.php\/ulukok-kursun-iletisim\/\">sat\u0131\u015f\u0131 yapmay\u0131n.<\/a>[\/vc_column_text][\/vc_column_inner][\/vc_row_inner][vc_separator color=&#8221;custom&#8221; accent_color=&#8221;rgba(54,70,115,0.08)&#8221; css=&#8221;.vc_custom_1461899057846{margin-top: 40px !important;margin-bottom: 40px !important;}&#8221;][vc_row_inner][vc_column_inner width=&#8221;1\/4&#8243;][vc_single_image image=&#8221;978&#8243; img_size=&#8221;full&#8221;][\/vc_column_inner][vc_column_inner width=&#8221;3\/4&#8243;][vc_column_text]<\/p>\n<h3><b>Hurda Ak\u00fc Alan Yerler Nerelerdir?<\/b><\/h3>\n<p>Hurda Ak\u00fc Sat\u0131l Alan\u00a0 Yerler; Hurda ak\u00fcleri sadece hurdac\u0131lara satabilece\u011finizi d\u00fc\u015f\u00fcnseniz de bir\u00e7ok firma ve otomobil bayisi bu geri d\u00f6n\u00fc\u015f\u00fcm i\u015flemlerini ger\u00e7ekle\u015ftirmektedir. \u00d6zellikle ak\u00fc yap\u0131sal olarak bo\u015fald\u0131\u011f\u0131 i\u00e7in \u00e7evreye verdi\u011fi zarar\u0131 g\u00f6z \u00f6n\u00fcnde bulundurarak tahmin etti\u011finizden \u00e7ok daha fazla yerde satabilirsiniz. Kullan\u0131lm\u0131\u015f ak\u00fc sat\u0131n alabilece\u011finiz yer, ak\u00fc \u015firketinin kendisi veya bir oto tamircisi olabilir. At\u0131k ak\u00fc bayii ile g\u00f6r\u00fc\u015ferek en uygun fiyat\u0131 alabilir, at\u0131k ak\u00fc de\u011feri ile al\u0131m sat\u0131m i\u015flemlerinizi tamamlayabilirsiniz. <a href=\"https:\/\/ulukokkursun.com\/index.php\/ulukok-kursun-hakkimizda\/\">Uluk\u00f6k<\/a> Kur\u015fun, kullan\u0131lm\u0131\u015f ak\u00fc al\u0131m\u0131 konusunda lider firmalardan biridir.<\/p>\n<p>Kullan\u0131lm\u0131\u015f pil sat\u0131n alabilece\u011finiz yerler yabanc\u0131 ve T\u00fcrk pil markal\u0131 firmalar olabilir.<br \/>\nAk\u00fc bayisine veya do\u011frudan at\u0131k ak\u00fc bayisine ba\u015fvurabilirsiniz.<br \/>\nOtomobil tamircileri ve otomobil servis end\u00fcstrisi de kullan\u0131lm\u0131\u015f piller sat\u0131n al\u0131r.<br \/>\nEski ve at\u0131lm\u0131\u015f pilleri kesinlikle \u00e7\u00f6pe atmay\u0131n, do\u011faya ve \u00e7evreye b\u0131rakmay\u0131n.<\/p>\n<h3><strong>Hurda Ak\u00fc Alan Firmalar Hangileridir?<\/strong><\/h3>\n<p>Kullan\u0131lm\u0131\u015f ak\u00fc alan firma muhtemelen T\u00fcrkiye&#8217;de ad\u0131n\u0131 s\u0131k\u00e7a duydu\u011funuz bir markad\u0131r. Marka sahiplerine ek olarak, at\u0131k sat\u0131c\u0131lar\u0131 da ak\u00fc \u015firketleriyle do\u011frudan i\u015fbirli\u011fi yaparak ak\u00fclerin sat\u0131n alma yoluyla \u015firketle geri d\u00f6n\u00fc\u015ft\u00fcr\u00fclmesini sa\u011flayabilir. Otomotiv ve otomotiv alanlar\u0131nda kullan\u0131lan her t\u00fcrl\u00fc \u0131slak, kuru ve k\u00fc\u00e7\u00fck ak\u00fc modelleri kilogram baz\u0131nda sat\u0131n al\u0131nabilir.<\/p>\n<p>Kullan\u0131lm\u0131\u015f ak\u00fc nerede sat\u0131l\u0131r; Kullan\u0131lm\u0131\u015f ak\u00fcleri hurdac\u0131lara, ak\u00fc firmalar\u0131na, oto servis ve oto tamirhanelerine satabilirsiniz. T\u00fcm fiyatlar mevcut de\u011ferlendirmelere dayal\u0131 olacak ve an\u0131nda nakit \u00f6deme i\u015flemlerini i\u00e7erecektir. T\u00fcrkiye&#8217;nin her yerinde kullan\u0131lm\u0131\u015f ak\u00fc al\u0131p satarak herkes geri d\u00f6n\u00fc\u015f\u00fcmden ek gelir elde edebilir.[\/vc_column_text][\/vc_column_inner][\/vc_row_inner][vc_separator color=&#8221;custom&#8221; accent_color=&#8221;rgba(54,70,115,0.08)&#8221; css=&#8221;.vc_custom_1461899066033{margin-top: 40px !important;margin-bottom: 40px !important;}&#8221;][vc_row_inner][vc_column_inner width=&#8221;1\/4&#8243;][vc_single_image image=&#8221;981&#8243; img_size=&#8221;full&#8221;][\/vc_column_inner][vc_column_inner width=&#8221;3\/4&#8243;][vc_column_text]<\/p>\n<h3><strong>Hurda Ak\u00fc Alan Hurdac\u0131lar<\/strong><\/h3>\n<p>Hurda Ak\u00fcleri nerede satabilirim ve bunlar\u0131 hurdac\u0131lara sat\u0131n alabilir miyim? <a href=\"https:\/\/tr.wikipedia.org\/wiki\/Hurdac%C4%B1l%C4%B1k\">Hurda<\/a> ak\u00fclerin hurdac\u0131lar taraf\u0131ndan al\u0131nmamas\u0131 do\u011fru de\u011fildir. Hurdac\u0131lar, sat\u0131n ald\u0131klar\u0131 metal \u00fcr\u00fcnleri marka, \u015firket ve kullan\u0131m b\u00f6lgelerine g\u00f6re s\u0131ralayarak geri d\u00f6n\u00fc\u015f\u00fcm alan\u0131na h\u0131z kazand\u0131r\u0131yor. Islak, kuru ve kullan\u0131lm\u0131\u015f ak\u00fclerin k\u00fc\u00e7\u00fck boyutuna g\u00f6re, kilogram baz\u0131nda al\u0131m sat\u0131m i\u015flemlerini h\u0131zland\u0131rmak.<\/p>\n<p>2022 fiyat listesine g\u00f6re hurda ak\u00fc al\u0131m\u0131 yap\u0131larak toplu al\u0131m sat\u0131m i\u015flemleri ger\u00e7ekle\u015ftirilecektir. Ayn\u0131 zamanda an\u0131nda nakit \u00f6deme i\u015flemi ger\u00e7ekle\u015ftirerek ak\u00fclerinizi an\u0131nda nakde \u00e7evirmenizi de sa\u011flar. Bir hurdac\u0131 ile g\u00f6r\u00fc\u015ferek otomotiv ve otomotiv sekt\u00f6r\u00fcnde kullan\u0131lan her marka ak\u00fc hurdas\u0131n\u0131n sat\u0131\u015f\u0131n\u0131 yapabilirsiniz.[\/vc_column_text][\/vc_column_inner][\/vc_row_inner][vc_separator color=&#8221;custom&#8221; accent_color=&#8221;rgba(54,70,115,0.08)&#8221; css=&#8221;.vc_custom_1461899074868{margin-top: 40px !important;margin-bottom: 40px !important;}&#8221;][vc_separator color=&#8221;custom&#8221; accent_color=&#8221;rgba(54,70,115,0.08)&#8221; css=&#8221;.vc_custom_1461899084582{margin-top: 40px !important;margin-bottom: 40px !important;}&#8221;][\/vc_column][\/vc_row][vc_row][vc_column][\/vc_column][\/vc_row]<\/p>\n","protected":false},"excerpt":{"rendered":"<p>[vc_row][vc_column][vc_column_text] Hurda ak\u00fcleriniz firmam\u0131z taraf\u0131ndan sat\u0131n al\u0131nmaktad\u0131r. [\/vc_column_text][vc_empty_space][vc_empty_space height=&#8221;15&#8243; css=&#8221;.vc_custom_1670236596125{background-color: #15416e !important;}&#8221;][vc_empty_space][vc_column_text] \u0130leti\u015fim [\/vc_column_text][vc_separator color=&#8221;custom&#8221; accent_color=&#8221;rgba(54,70,115,0.08)&#8221; css=&#8221;.vc_custom_1461899049711{margin-top: 40px !important;margin-bottom: 40px !important;}&#8221;][vc_row_inner][vc_column_inner width=&#8221;1\/4&#8243;][vc_single_image image=&#8221;874&#8243; img_size=&#8221;full&#8221;][\/vc_column_inner][vc_column_inner width=&#8221;3\/4&#8243;][vc_column_text] Hurda Ak\u00fc Nereye Sat\u0131l\u0131r? Hurda ak\u00fc nereye sat\u0131l\u0131r; eski ak\u00fclerinizi hurdac\u0131lara, ak\u00fc firmalar\u0131na, bayilerine ve otomobil tamircilerine satabilirsiniz. Hurda ak\u00fc satabilece\u011finiz servislere ba\u015fvuru yapabilir ve hemen sat\u0131\u015f ger\u00e7ekle\u015ftirebilirsiniz. Hurda ak\u00fc [&hellip;]<\/p>\n","protected":false},"author":1,"featured_media":984,"parent":0,"menu_order":0,"comment_status":"closed","ping_status":"closed","template":"","meta":{"footnotes":""},"class_list":["post-972","page","type-page","status-publish","has-post-thumbnail","hentry"],"yoast_head":"<!-- This site is optimized with the Yoast SEO plugin v27.5 - https:\/\/yoast.com\/product\/yoast-seo-wordpress\/ -->\n<title>Hurda Ak\u00fc Al\u0131m\u0131 - Uluk\u00f6k Kur\u015fun<\/title>\n<meta name=\"description\" content=\"Hurda Ak\u00fc Al\u0131m\u0131 | Hurda Ak\u00fcleriniz T\u00fcrkiye&#039;nin neresinde olursan\u0131z olun, Uluk\u00f6k Kur\u015fun taraf\u0131ndan al\u0131nmaktad\u0131r. Hurda Ak\u00fcleriniz de\u011ferinde sat\u0131n al\u0131nmaktad\u0131r.\" \/>\n<meta name=\"robots\" content=\"index, follow, max-snippet:-1, max-image-preview:large, max-video-preview:-1\" \/>\n<link rel=\"canonical\" href=\"https:\/\/ulukokkursun.com\/index.php\/hurda-aku-alimi\/\" \/>\n<meta property=\"og:locale\" content=\"tr_TR\" \/>\n<meta property=\"og:type\" content=\"article\" \/>\n<meta property=\"og:title\" content=\"Hurda Ak\u00fc Al\u0131m\u0131 - Uluk\u00f6k Kur\u015fun\" \/>\n<meta property=\"og:description\" content=\"Hurda Ak\u00fc Al\u0131m\u0131 | Hurda Ak\u00fcleriniz T\u00fcrkiye&#039;nin neresinde olursan\u0131z olun, Uluk\u00f6k Kur\u015fun taraf\u0131ndan al\u0131nmaktad\u0131r. Hurda Ak\u00fcleriniz de\u011ferinde sat\u0131n al\u0131nmaktad\u0131r.\" \/>\n<meta property=\"og:url\" content=\"https:\/\/ulukokkursun.com\/index.php\/hurda-aku-alimi\/\" \/>\n<meta property=\"og:site_name\" content=\"Uluk\u00f6k Kur\u015fun\" \/>\n<meta property=\"article:modified_time\" content=\"2022-12-05T11:30:59+00:00\" \/>\n<meta property=\"og:image\" content=\"https:\/\/ulukokkursun.com\/wp-content\/uploads\/2022\/12\/hurda-aku-alimi-anasayfa.png\" \/>\n\t<meta property=\"og:image:width\" content=\"700\" \/>\n\t<meta property=\"og:image:height\" content=\"500\" \/>\n\t<meta property=\"og:image:type\" content=\"image\/png\" \/>\n<meta name=\"twitter:card\" content=\"summary_large_image\" \/>\n<meta name=\"twitter:label1\" content=\"Tahmini okuma s\u00fcresi\" \/>\n\t<meta name=\"twitter:data1\" content=\"3 dakika\" \/>\n<script type=\"application\/ld+json\" class=\"yoast-schema-graph\">{\"@context\":\"https:\\\/\\\/schema.org\",\"@graph\":[{\"@type\":\"WebPage\",\"@id\":\"https:\\\/\\\/ulukokkursun.com\\\/index.php\\\/hurda-aku-alimi\\\/\",\"url\":\"https:\\\/\\\/ulukokkursun.com\\\/index.php\\\/hurda-aku-alimi\\\/\",\"name\":\"Hurda Ak\u00fc Al\u0131m\u0131 - Uluk\u00f6k Kur\u015fun\",\"isPartOf\":{\"@id\":\"https:\\\/\\\/ulukokkursun.com\\\/#website\"},\"primaryImageOfPage\":{\"@id\":\"https:\\\/\\\/ulukokkursun.com\\\/index.php\\\/hurda-aku-alimi\\\/#primaryimage\"},\"image\":{\"@id\":\"https:\\\/\\\/ulukokkursun.com\\\/index.php\\\/hurda-aku-alimi\\\/#primaryimage\"},\"thumbnailUrl\":\"https:\\\/\\\/ulukokkursun.com\\\/wp-content\\\/uploads\\\/2022\\\/12\\\/hurda-aku-alimi-anasayfa.png\",\"datePublished\":\"2022-12-02T13:08:46+00:00\",\"dateModified\":\"2022-12-05T11:30:59+00:00\",\"description\":\"Hurda Ak\u00fc Al\u0131m\u0131 | Hurda Ak\u00fcleriniz T\u00fcrkiye'nin neresinde olursan\u0131z olun, Uluk\u00f6k Kur\u015fun taraf\u0131ndan al\u0131nmaktad\u0131r. Hurda Ak\u00fcleriniz de\u011ferinde sat\u0131n al\u0131nmaktad\u0131r.\",\"breadcrumb\":{\"@id\":\"https:\\\/\\\/ulukokkursun.com\\\/index.php\\\/hurda-aku-alimi\\\/#breadcrumb\"},\"inLanguage\":\"tr\",\"potentialAction\":[{\"@type\":\"ReadAction\",\"target\":[\"https:\\\/\\\/ulukokkursun.com\\\/index.php\\\/hurda-aku-alimi\\\/\"]}]},{\"@type\":\"ImageObject\",\"inLanguage\":\"tr\",\"@id\":\"https:\\\/\\\/ulukokkursun.com\\\/index.php\\\/hurda-aku-alimi\\\/#primaryimage\",\"url\":\"https:\\\/\\\/ulukokkursun.com\\\/wp-content\\\/uploads\\\/2022\\\/12\\\/hurda-aku-alimi-anasayfa.png\",\"contentUrl\":\"https:\\\/\\\/ulukokkursun.com\\\/wp-content\\\/uploads\\\/2022\\\/12\\\/hurda-aku-alimi-anasayfa.png\",\"width\":700,\"height\":500,\"caption\":\"hurda ak\u00fc al\u0131m\u0131 anasayfa\"},{\"@type\":\"BreadcrumbList\",\"@id\":\"https:\\\/\\\/ulukokkursun.com\\\/index.php\\\/hurda-aku-alimi\\\/#breadcrumb\",\"itemListElement\":[{\"@type\":\"ListItem\",\"position\":1,\"name\":\"Anasayfa\",\"item\":\"https:\\\/\\\/ulukokkursun.com\\\/\"},{\"@type\":\"ListItem\",\"position\":2,\"name\":\"Hurda Ak\u00fc Al\u0131m\u0131\"}]},{\"@type\":\"WebSite\",\"@id\":\"https:\\\/\\\/ulukokkursun.com\\\/#website\",\"url\":\"https:\\\/\\\/ulukokkursun.com\\\/\",\"name\":\"Uluk\u00f6k Kur\u015fun\",\"description\":\"Huda Ak\u00fc, Kur\u015fun Levha\",\"potentialAction\":[{\"@type\":\"SearchAction\",\"target\":{\"@type\":\"EntryPoint\",\"urlTemplate\":\"https:\\\/\\\/ulukokkursun.com\\\/?s={search_term_string}\"},\"query-input\":{\"@type\":\"PropertyValueSpecification\",\"valueRequired\":true,\"valueName\":\"search_term_string\"}}],\"inLanguage\":\"tr\"}]}<\/script>\n<!-- \/ Yoast SEO plugin. -->","yoast_head_json":{"title":"Hurda Ak\u00fc Al\u0131m\u0131 - Uluk\u00f6k Kur\u015fun","description":"Hurda Ak\u00fc Al\u0131m\u0131 | Hurda Ak\u00fcleriniz T\u00fcrkiye'nin neresinde olursan\u0131z olun, Uluk\u00f6k Kur\u015fun taraf\u0131ndan al\u0131nmaktad\u0131r. Hurda Ak\u00fcleriniz de\u011ferinde sat\u0131n al\u0131nmaktad\u0131r.","robots":{"index":"index","follow":"follow","max-snippet":"max-snippet:-1","max-image-preview":"max-image-preview:large","max-video-preview":"max-video-preview:-1"},"canonical":"https:\/\/ulukokkursun.com\/index.php\/hurda-aku-alimi\/","og_locale":"tr_TR","og_type":"article","og_title":"Hurda Ak\u00fc Al\u0131m\u0131 - Uluk\u00f6k Kur\u015fun","og_description":"Hurda Ak\u00fc Al\u0131m\u0131 | Hurda Ak\u00fcleriniz T\u00fcrkiye'nin neresinde olursan\u0131z olun, Uluk\u00f6k Kur\u015fun taraf\u0131ndan al\u0131nmaktad\u0131r. Hurda Ak\u00fcleriniz de\u011ferinde sat\u0131n al\u0131nmaktad\u0131r.","og_url":"https:\/\/ulukokkursun.com\/index.php\/hurda-aku-alimi\/","og_site_name":"Uluk\u00f6k Kur\u015fun","article_modified_time":"2022-12-05T11:30:59+00:00","og_image":[{"width":700,"height":500,"url":"https:\/\/ulukokkursun.com\/wp-content\/uploads\/2022\/12\/hurda-aku-alimi-anasayfa.png","type":"image\/png"}],"twitter_card":"summary_large_image","twitter_misc":{"Tahmini okuma s\u00fcresi":"3 dakika"},"schema":{"@context":"https:\/\/schema.org","@graph":[{"@type":"WebPage","@id":"https:\/\/ulukokkursun.com\/index.php\/hurda-aku-alimi\/","url":"https:\/\/ulukokkursun.com\/index.php\/hurda-aku-alimi\/","name":"Hurda Ak\u00fc Al\u0131m\u0131 - Uluk\u00f6k Kur\u015fun","isPartOf":{"@id":"https:\/\/ulukokkursun.com\/#website"},"primaryImageOfPage":{"@id":"https:\/\/ulukokkursun.com\/index.php\/hurda-aku-alimi\/#primaryimage"},"image":{"@id":"https:\/\/ulukokkursun.com\/index.php\/hurda-aku-alimi\/#primaryimage"},"thumbnailUrl":"https:\/\/ulukokkursun.com\/wp-content\/uploads\/2022\/12\/hurda-aku-alimi-anasayfa.png","datePublished":"2022-12-02T13:08:46+00:00","dateModified":"2022-12-05T11:30:59+00:00","description":"Hurda Ak\u00fc Al\u0131m\u0131 | Hurda Ak\u00fcleriniz T\u00fcrkiye'nin neresinde olursan\u0131z olun, Uluk\u00f6k Kur\u015fun taraf\u0131ndan al\u0131nmaktad\u0131r. Hurda Ak\u00fcleriniz de\u011ferinde sat\u0131n al\u0131nmaktad\u0131r.","breadcrumb":{"@id":"https:\/\/ulukokkursun.com\/index.php\/hurda-aku-alimi\/#breadcrumb"},"inLanguage":"tr","potentialAction":[{"@type":"ReadAction","target":["https:\/\/ulukokkursun.com\/index.php\/hurda-aku-alimi\/"]}]},{"@type":"ImageObject","inLanguage":"tr","@id":"https:\/\/ulukokkursun.com\/index.php\/hurda-aku-alimi\/#primaryimage","url":"https:\/\/ulukokkursun.com\/wp-content\/uploads\/2022\/12\/hurda-aku-alimi-anasayfa.png","contentUrl":"https:\/\/ulukokkursun.com\/wp-content\/uploads\/2022\/12\/hurda-aku-alimi-anasayfa.png","width":700,"height":500,"caption":"hurda ak\u00fc al\u0131m\u0131 anasayfa"},{"@type":"BreadcrumbList","@id":"https:\/\/ulukokkursun.com\/index.php\/hurda-aku-alimi\/#breadcrumb","itemListElement":[{"@type":"ListItem","position":1,"name":"Anasayfa","item":"https:\/\/ulukokkursun.com\/"},{"@type":"ListItem","position":2,"name":"Hurda Ak\u00fc Al\u0131m\u0131"}]},{"@type":"WebSite","@id":"https:\/\/ulukokkursun.com\/#website","url":"https:\/\/ulukokkursun.com\/","name":"Uluk\u00f6k Kur\u015fun","description":"Huda Ak\u00fc, Kur\u015fun Levha","potentialAction":[{"@type":"SearchAction","target":{"@type":"EntryPoint","urlTemplate":"https:\/\/ulukokkursun.com\/?s={search_term_string}"},"query-input":{"@type":"PropertyValueSpecification","valueRequired":true,"valueName":"search_term_string"}}],"inLanguage":"tr"}]}},"_links":{"self":[{"href":"https:\/\/ulukokkursun.com\/index.php\/wp-json\/wp\/v2\/pages\/972","targetHints":{"allow":["GET"]}}],"collection":[{"href":"https:\/\/ulukokkursun.com\/index.php\/wp-json\/wp\/v2\/pages"}],"about":[{"href":"https:\/\/ulukokkursun.com\/index.php\/wp-json\/wp\/v2\/types\/page"}],"author":[{"embeddable":true,"href":"https:\/\/ulukokkursun.com\/index.php\/wp-json\/wp\/v2\/users\/1"}],"replies":[{"embeddable":true,"href":"https:\/\/ulukokkursun.com\/index.php\/wp-json\/wp\/v2\/comments?post=972"}],"version-history":[{"count":15,"href":"https:\/\/ulukokkursun.com\/index.php\/wp-json\/wp\/v2\/pages\/972\/revisions"}],"predecessor-version":[{"id":1018,"href":"https:\/\/ulukokkursun.com\/index.php\/wp-json\/wp\/v2\/pages\/972\/revisions\/1018"}],"wp:featuredmedia":[{"embeddable":true,"href":"https:\/\/ulukokkursun.com\/index.php\/wp-json\/wp\/v2\/media\/984"}],"wp:attachment":[{"href":"https:\/\/ulukokkursun.com\/index.php\/wp-json\/wp\/v2\/media?parent=972"}],"curies":[{"name":"wp","href":"https:\/\/api.w.org\/{rel}","templated":true}]}}