{"id":42,"date":"2016-04-12T15:05:06","date_gmt":"2016-04-12T15:05:06","guid":{"rendered":"https:\/\/ulukokkursun.com\/?page_id=42"},"modified":"2025-12-07T20:12:57","modified_gmt":"2025-12-07T20:12:57","slug":"vizyonumuz","status":"publish","type":"page","link":"https:\/\/ulukokkursun.com\/index.php\/ulukok-kursun-hakkimizda\/vizyonumuz\/","title":{"rendered":"Vizyonumuz"},"content":{"rendered":"<p>[vc_row][vc_column][vc_single_image image=&#8221;1335&#8243; img_size=&#8221;full&#8221;][vc_empty_space height=&#8221;30px&#8221;][vc_column_text]<\/p>\n<h4 class=\"no-margin-top\">Vizyonumuz<\/h4>\n<p>Vizyonumuz kur\u015fundan mam\u00fcl \u00fcr\u00fcnlerin geri d\u00f6n\u00fc\u015f\u00fcm\u00fcn\u00fc ger\u00e7ekle\u015ftirmek suretiyle \u00e7evre dostu olmak ve geri d\u00f6n\u00fc\u015ft\u00fcrd\u00fc\u011f\u00fcm\u00fcz \u00fcr\u00fcnlerden katma de\u011feri y\u00fcksek nihai \u00fcr\u00fcnler \u00fcretmektir.<br \/>\nUluk\u00f6k Kur\u015fun Ltd. \u015eti. at\u0131k ak\u00fc toplama ve toplad\u0131\u011f\u0131 at\u0131k ak\u00fcleri geri d\u00f6n\u00fc\u015ft\u00fcrme i\u015fi ile i\u015ftigal etmektedir. Gaziantep\u2019de bulunan firmam\u0131z y\u0131lda 27.000 ton hurda ak\u00fc geri d\u00f6n\u00fc\u015ft\u00fcrme kapasitesi ile \u00fclkemizin say\u0131l\u0131 geri d\u00f6n\u00fc\u015f\u00fcm firmalar\u0131ndan biridir.[\/vc_column_text][\/vc_column][\/vc_row]<\/p>\n","protected":false},"excerpt":{"rendered":"<p>[vc_row][vc_column][vc_single_image image=&#8221;1335&#8243; img_size=&#8221;full&#8221;][vc_empty_space height=&#8221;30px&#8221;][vc_column_text] Vizyonumuz Vizyonumuz kur\u015fundan mam\u00fcl \u00fcr\u00fcnlerin geri d\u00f6n\u00fc\u015f\u00fcm\u00fcn\u00fc ger\u00e7ekle\u015ftirmek suretiyle \u00e7evre dostu olmak ve geri d\u00f6n\u00fc\u015ft\u00fcrd\u00fc\u011f\u00fcm\u00fcz \u00fcr\u00fcnlerden katma de\u011feri y\u00fcksek nihai \u00fcr\u00fcnler \u00fcretmektir. Uluk\u00f6k Kur\u015fun Ltd. \u015eti. at\u0131k ak\u00fc toplama ve toplad\u0131\u011f\u0131 at\u0131k ak\u00fcleri geri d\u00f6n\u00fc\u015ft\u00fcrme i\u015fi ile i\u015ftigal etmektedir. Gaziantep\u2019de bulunan firmam\u0131z y\u0131lda 27.000 ton hurda ak\u00fc geri d\u00f6n\u00fc\u015ft\u00fcrme kapasitesi ile [&hellip;]<\/p>\n","protected":false},"author":1,"featured_media":0,"parent":7,"menu_order":0,"comment_status":"closed","ping_status":"closed","template":"","meta":{"footnotes":""},"class_list":["post-42","page","type-page","status-publish","hentry","no-post-thumbnail"],"yoast_head":"<!-- This site is optimized with the Yoast SEO plugin v26.5 - https:\/\/yoast.com\/wordpress\/plugins\/seo\/ -->\n<title>Vizyonumuz - Uluk\u00f6k Kur\u015fun | 0(530) 344 5595<\/title>\n<meta name=\"description\" content=\"Vizyonumuz kur\u015fu geri d\u00f6n\u00fc\u015f\u00fcm\u00fcn\u00fc ger\u00e7ekle\u015ftirmek, \u00e7evre dostu olmak ve geri d\u00f6n\u00fc\u015ft\u00fcr\u00fclen \u00fcr\u00fcnlerden katma de\u011feri y\u00fcksek \u00fcr\u00fcnler elde etmek.\" \/>\n<meta name=\"robots\" content=\"index, follow, max-snippet:-1, max-image-preview:large, max-video-preview:-1\" \/>\n<link rel=\"canonical\" href=\"https:\/\/ulukokkursun.com\/index.php\/ulukok-kursun-hakkimizda\/vizyonumuz\/\" \/>\n<meta property=\"og:locale\" content=\"tr_TR\" \/>\n<meta property=\"og:type\" content=\"article\" \/>\n<meta property=\"og:title\" content=\"Vizyonumuz - Uluk\u00f6k Kur\u015fun | 0(530) 344 5595\" \/>\n<meta property=\"og:description\" content=\"Vizyonumuz kur\u015fu geri d\u00f6n\u00fc\u015f\u00fcm\u00fcn\u00fc ger\u00e7ekle\u015ftirmek, \u00e7evre dostu olmak ve geri d\u00f6n\u00fc\u015ft\u00fcr\u00fclen \u00fcr\u00fcnlerden katma de\u011feri y\u00fcksek \u00fcr\u00fcnler elde etmek.\" \/>\n<meta property=\"og:url\" content=\"https:\/\/ulukokkursun.com\/index.php\/ulukok-kursun-hakkimizda\/vizyonumuz\/\" \/>\n<meta property=\"og:site_name\" content=\"Uluk\u00f6k Kur\u015fun\" \/>\n<meta property=\"article:modified_time\" content=\"2025-12-07T20:12:57+00:00\" \/>\n<meta name=\"twitter:card\" content=\"summary_large_image\" \/>\n<meta name=\"twitter:label1\" content=\"Tahmini okuma s\u00fcresi\" \/>\n\t<meta name=\"twitter:data1\" content=\"1 dakika\" \/>\n<script type=\"application\/ld+json\" class=\"yoast-schema-graph\">{\"@context\":\"https:\/\/schema.org\",\"@graph\":[{\"@type\":\"WebPage\",\"@id\":\"https:\/\/ulukokkursun.com\/index.php\/ulukok-kursun-hakkimizda\/vizyonumuz\/\",\"url\":\"https:\/\/ulukokkursun.com\/index.php\/ulukok-kursun-hakkimizda\/vizyonumuz\/\",\"name\":\"Vizyonumuz - Uluk\u00f6k Kur\u015fun | 0(530) 344 5595\",\"isPartOf\":{\"@id\":\"https:\/\/ulukokkursun.com\/#website\"},\"datePublished\":\"2016-04-12T15:05:06+00:00\",\"dateModified\":\"2025-12-07T20:12:57+00:00\",\"description\":\"Vizyonumuz kur\u015fu geri d\u00f6n\u00fc\u015f\u00fcm\u00fcn\u00fc ger\u00e7ekle\u015ftirmek, \u00e7evre dostu olmak ve geri d\u00f6n\u00fc\u015ft\u00fcr\u00fclen \u00fcr\u00fcnlerden katma de\u011feri y\u00fcksek \u00fcr\u00fcnler elde etmek.\",\"breadcrumb\":{\"@id\":\"https:\/\/ulukokkursun.com\/index.php\/ulukok-kursun-hakkimizda\/vizyonumuz\/#breadcrumb\"},\"inLanguage\":\"tr\",\"potentialAction\":[{\"@type\":\"ReadAction\",\"target\":[\"https:\/\/ulukokkursun.com\/index.php\/ulukok-kursun-hakkimizda\/vizyonumuz\/\"]}]},{\"@type\":\"BreadcrumbList\",\"@id\":\"https:\/\/ulukokkursun.com\/index.php\/ulukok-kursun-hakkimizda\/vizyonumuz\/#breadcrumb\",\"itemListElement\":[{\"@type\":\"ListItem\",\"position\":1,\"name\":\"Anasayfa\",\"item\":\"https:\/\/ulukokkursun.com\/\"},{\"@type\":\"ListItem\",\"position\":2,\"name\":\"Hakk\u0131m\u0131zda\",\"item\":\"https:\/\/ulukokkursun.com\/index.php\/ulukok-kursun-hakkimizda\/\"},{\"@type\":\"ListItem\",\"position\":3,\"name\":\"Vizyonumuz\"}]},{\"@type\":\"WebSite\",\"@id\":\"https:\/\/ulukokkursun.com\/#website\",\"url\":\"https:\/\/ulukokkursun.com\/\",\"name\":\"Uluk\u00f6k Kur\u015fun\",\"description\":\"Huda Ak\u00fc, Kur\u015fun Levha\",\"potentialAction\":[{\"@type\":\"SearchAction\",\"target\":{\"@type\":\"EntryPoint\",\"urlTemplate\":\"https:\/\/ulukokkursun.com\/?s={search_term_string}\"},\"query-input\":{\"@type\":\"PropertyValueSpecification\",\"valueRequired\":true,\"valueName\":\"search_term_string\"}}],\"inLanguage\":\"tr\"}]}<\/script>\n<!-- \/ Yoast SEO plugin. -->","yoast_head_json":{"title":"Vizyonumuz - Uluk\u00f6k Kur\u015fun | 0(530) 344 5595","description":"Vizyonumuz kur\u015fu geri d\u00f6n\u00fc\u015f\u00fcm\u00fcn\u00fc ger\u00e7ekle\u015ftirmek, \u00e7evre dostu olmak ve geri d\u00f6n\u00fc\u015ft\u00fcr\u00fclen \u00fcr\u00fcnlerden katma de\u011feri y\u00fcksek \u00fcr\u00fcnler elde etmek.","robots":{"index":"index","follow":"follow","max-snippet":"max-snippet:-1","max-image-preview":"max-image-preview:large","max-video-preview":"max-video-preview:-1"},"canonical":"https:\/\/ulukokkursun.com\/index.php\/ulukok-kursun-hakkimizda\/vizyonumuz\/","og_locale":"tr_TR","og_type":"article","og_title":"Vizyonumuz - Uluk\u00f6k Kur\u015fun | 0(530) 344 5595","og_description":"Vizyonumuz kur\u015fu geri d\u00f6n\u00fc\u015f\u00fcm\u00fcn\u00fc ger\u00e7ekle\u015ftirmek, \u00e7evre dostu olmak ve geri d\u00f6n\u00fc\u015ft\u00fcr\u00fclen \u00fcr\u00fcnlerden katma de\u011feri y\u00fcksek \u00fcr\u00fcnler elde etmek.","og_url":"https:\/\/ulukokkursun.com\/index.php\/ulukok-kursun-hakkimizda\/vizyonumuz\/","og_site_name":"Uluk\u00f6k Kur\u015fun","article_modified_time":"2025-12-07T20:12:57+00:00","twitter_card":"summary_large_image","twitter_misc":{"Tahmini okuma s\u00fcresi":"1 dakika"},"schema":{"@context":"https:\/\/schema.org","@graph":[{"@type":"WebPage","@id":"https:\/\/ulukokkursun.com\/index.php\/ulukok-kursun-hakkimizda\/vizyonumuz\/","url":"https:\/\/ulukokkursun.com\/index.php\/ulukok-kursun-hakkimizda\/vizyonumuz\/","name":"Vizyonumuz - Uluk\u00f6k Kur\u015fun | 0(530) 344 5595","isPartOf":{"@id":"https:\/\/ulukokkursun.com\/#website"},"datePublished":"2016-04-12T15:05:06+00:00","dateModified":"2025-12-07T20:12:57+00:00","description":"Vizyonumuz kur\u015fu geri d\u00f6n\u00fc\u015f\u00fcm\u00fcn\u00fc ger\u00e7ekle\u015ftirmek, \u00e7evre dostu olmak ve geri d\u00f6n\u00fc\u015ft\u00fcr\u00fclen \u00fcr\u00fcnlerden katma de\u011feri y\u00fcksek \u00fcr\u00fcnler elde etmek.","breadcrumb":{"@id":"https:\/\/ulukokkursun.com\/index.php\/ulukok-kursun-hakkimizda\/vizyonumuz\/#breadcrumb"},"inLanguage":"tr","potentialAction":[{"@type":"ReadAction","target":["https:\/\/ulukokkursun.com\/index.php\/ulukok-kursun-hakkimizda\/vizyonumuz\/"]}]},{"@type":"BreadcrumbList","@id":"https:\/\/ulukokkursun.com\/index.php\/ulukok-kursun-hakkimizda\/vizyonumuz\/#breadcrumb","itemListElement":[{"@type":"ListItem","position":1,"name":"Anasayfa","item":"https:\/\/ulukokkursun.com\/"},{"@type":"ListItem","position":2,"name":"Hakk\u0131m\u0131zda","item":"https:\/\/ulukokkursun.com\/index.php\/ulukok-kursun-hakkimizda\/"},{"@type":"ListItem","position":3,"name":"Vizyonumuz"}]},{"@type":"WebSite","@id":"https:\/\/ulukokkursun.com\/#website","url":"https:\/\/ulukokkursun.com\/","name":"Uluk\u00f6k Kur\u015fun","description":"Huda Ak\u00fc, Kur\u015fun Levha","potentialAction":[{"@type":"SearchAction","target":{"@type":"EntryPoint","urlTemplate":"https:\/\/ulukokkursun.com\/?s={search_term_string}"},"query-input":{"@type":"PropertyValueSpecification","valueRequired":true,"valueName":"search_term_string"}}],"inLanguage":"tr"}]}},"_links":{"self":[{"href":"https:\/\/ulukokkursun.com\/index.php\/wp-json\/wp\/v2\/pages\/42","targetHints":{"allow":["GET"]}}],"collection":[{"href":"https:\/\/ulukokkursun.com\/index.php\/wp-json\/wp\/v2\/pages"}],"about":[{"href":"https:\/\/ulukokkursun.com\/index.php\/wp-json\/wp\/v2\/types\/page"}],"author":[{"embeddable":true,"href":"https:\/\/ulukokkursun.com\/index.php\/wp-json\/wp\/v2\/users\/1"}],"replies":[{"embeddable":true,"href":"https:\/\/ulukokkursun.com\/index.php\/wp-json\/wp\/v2\/comments?post=42"}],"version-history":[{"count":9,"href":"https:\/\/ulukokkursun.com\/index.php\/wp-json\/wp\/v2\/pages\/42\/revisions"}],"predecessor-version":[{"id":1378,"href":"https:\/\/ulukokkursun.com\/index.php\/wp-json\/wp\/v2\/pages\/42\/revisions\/1378"}],"up":[{"embeddable":true,"href":"https:\/\/ulukokkursun.com\/index.php\/wp-json\/wp\/v2\/pages\/7"}],"wp:attachment":[{"href":"https:\/\/ulukokkursun.com\/index.php\/wp-json\/wp\/v2\/media?parent=42"}],"curies":[{"name":"wp","href":"https:\/\/api.w.org\/{rel}","templated":true}]}}