{"id":36,"date":"2016-04-12T15:03:20","date_gmt":"2016-04-12T15:03:20","guid":{"rendered":"https:\/\/ulukokkursun.com\/?page_id=36"},"modified":"2025-12-07T20:12:55","modified_gmt":"2025-12-07T20:12:55","slug":"misyonumuz","status":"publish","type":"page","link":"https:\/\/ulukokkursun.com\/index.php\/ulukok-kursun-hakkimizda\/misyonumuz\/","title":{"rendered":"Misyonumuz"},"content":{"rendered":"<p>[vc_row][vc_column][vc_single_image image=&#8221;1335&#8243; img_size=&#8221;full&#8221;][vc_empty_space height=&#8221;40px&#8221;][vc_column_text]<\/p>\n<h4 class=\"no-margin-top\">Misyonumuz<\/h4>\n<p>Uluk\u00f6k Kur\u015fun Ltd. \u015eti. 1972 y\u0131l\u0131nda ba\u015flad\u0131\u011f\u0131m\u0131z yolculu\u011fumuz her ge\u00e7en y\u0131l katlanarak devam etmekte ve \u00fclke ekonomimize daha \u00e7ok katma de\u011fer olu\u015fturmay\u0131 hedeflemekteyiz. Misyonumuz \u00e7evreye duyarl\u0131, katma de\u011feri y\u00fcksek \u00fcr\u00fcnler \u00fcreterek toplumumuza faydal\u0131 olmakt\u0131r.[\/vc_column_text][vc_empty_space height=&#8221;40px&#8221;][\/vc_column][\/vc_row]<\/p>\n","protected":false},"excerpt":{"rendered":"<p>[vc_row][vc_column][vc_single_image image=&#8221;1335&#8243; img_size=&#8221;full&#8221;][vc_empty_space height=&#8221;40px&#8221;][vc_column_text] Misyonumuz Uluk\u00f6k Kur\u015fun Ltd. \u015eti. 1972 y\u0131l\u0131nda ba\u015flad\u0131\u011f\u0131m\u0131z yolculu\u011fumuz her ge\u00e7en y\u0131l katlanarak devam etmekte ve \u00fclke ekonomimize daha \u00e7ok katma de\u011fer olu\u015fturmay\u0131 hedeflemekteyiz. Misyonumuz \u00e7evreye duyarl\u0131, katma de\u011feri y\u00fcksek \u00fcr\u00fcnler \u00fcreterek toplumumuza faydal\u0131 olmakt\u0131r.[\/vc_column_text][vc_empty_space height=&#8221;40px&#8221;][\/vc_column][\/vc_row]<\/p>\n","protected":false},"author":1,"featured_media":0,"parent":7,"menu_order":0,"comment_status":"closed","ping_status":"closed","template":"","meta":{"footnotes":""},"class_list":["post-36","page","type-page","status-publish","hentry","no-post-thumbnail"],"yoast_head":"<!-- This site is optimized with the Yoast SEO plugin v27.5 - https:\/\/yoast.com\/product\/yoast-seo-wordpress\/ -->\n<title>Misyonumuz - Uluk\u00f6k Kur\u015fun | 0(530) 344 5595<\/title>\n<meta name=\"description\" content=\"Uluk\u00f6k Kur\u015fun 1976 y\u0131l\u0131nda ba\u015flad\u0131\u011f\u0131m\u0131z yolculu\u011fumuz her ge\u00e7en y\u0131l katlanarak devam etmekte ve \u00fclke ekonomimize katma de\u011fer olu\u015fturmak.\" \/>\n<meta name=\"robots\" content=\"index, follow, max-snippet:-1, max-image-preview:large, max-video-preview:-1\" \/>\n<link rel=\"canonical\" href=\"https:\/\/ulukokkursun.com\/index.php\/ulukok-kursun-hakkimizda\/misyonumuz\/\" \/>\n<meta property=\"og:locale\" content=\"tr_TR\" \/>\n<meta property=\"og:type\" content=\"article\" \/>\n<meta property=\"og:title\" content=\"Misyonumuz - Uluk\u00f6k Kur\u015fun | 0(530) 344 5595\" \/>\n<meta property=\"og:description\" content=\"Uluk\u00f6k Kur\u015fun 1976 y\u0131l\u0131nda ba\u015flad\u0131\u011f\u0131m\u0131z yolculu\u011fumuz her ge\u00e7en y\u0131l katlanarak devam etmekte ve \u00fclke ekonomimize katma de\u011fer olu\u015fturmak.\" \/>\n<meta property=\"og:url\" content=\"https:\/\/ulukokkursun.com\/index.php\/ulukok-kursun-hakkimizda\/misyonumuz\/\" \/>\n<meta property=\"og:site_name\" content=\"Uluk\u00f6k Kur\u015fun\" \/>\n<meta property=\"article:modified_time\" content=\"2025-12-07T20:12:55+00:00\" \/>\n<meta name=\"twitter:card\" content=\"summary_large_image\" \/>\n<meta name=\"twitter:label1\" content=\"Tahmini okuma s\u00fcresi\" \/>\n\t<meta name=\"twitter:data1\" content=\"1 dakika\" \/>\n<script type=\"application\/ld+json\" class=\"yoast-schema-graph\">{\"@context\":\"https:\\\/\\\/schema.org\",\"@graph\":[{\"@type\":\"WebPage\",\"@id\":\"https:\\\/\\\/ulukokkursun.com\\\/index.php\\\/ulukok-kursun-hakkimizda\\\/misyonumuz\\\/\",\"url\":\"https:\\\/\\\/ulukokkursun.com\\\/index.php\\\/ulukok-kursun-hakkimizda\\\/misyonumuz\\\/\",\"name\":\"Misyonumuz - Uluk\u00f6k Kur\u015fun | 0(530) 344 5595\",\"isPartOf\":{\"@id\":\"https:\\\/\\\/ulukokkursun.com\\\/#website\"},\"datePublished\":\"2016-04-12T15:03:20+00:00\",\"dateModified\":\"2025-12-07T20:12:55+00:00\",\"description\":\"Uluk\u00f6k Kur\u015fun 1976 y\u0131l\u0131nda ba\u015flad\u0131\u011f\u0131m\u0131z yolculu\u011fumuz her ge\u00e7en y\u0131l katlanarak devam etmekte ve \u00fclke ekonomimize katma de\u011fer olu\u015fturmak.\",\"breadcrumb\":{\"@id\":\"https:\\\/\\\/ulukokkursun.com\\\/index.php\\\/ulukok-kursun-hakkimizda\\\/misyonumuz\\\/#breadcrumb\"},\"inLanguage\":\"tr\",\"potentialAction\":[{\"@type\":\"ReadAction\",\"target\":[\"https:\\\/\\\/ulukokkursun.com\\\/index.php\\\/ulukok-kursun-hakkimizda\\\/misyonumuz\\\/\"]}]},{\"@type\":\"BreadcrumbList\",\"@id\":\"https:\\\/\\\/ulukokkursun.com\\\/index.php\\\/ulukok-kursun-hakkimizda\\\/misyonumuz\\\/#breadcrumb\",\"itemListElement\":[{\"@type\":\"ListItem\",\"position\":1,\"name\":\"Anasayfa\",\"item\":\"https:\\\/\\\/ulukokkursun.com\\\/\"},{\"@type\":\"ListItem\",\"position\":2,\"name\":\"Hakk\u0131m\u0131zda\",\"item\":\"https:\\\/\\\/ulukokkursun.com\\\/index.php\\\/ulukok-kursun-hakkimizda\\\/\"},{\"@type\":\"ListItem\",\"position\":3,\"name\":\"Misyonumuz\"}]},{\"@type\":\"WebSite\",\"@id\":\"https:\\\/\\\/ulukokkursun.com\\\/#website\",\"url\":\"https:\\\/\\\/ulukokkursun.com\\\/\",\"name\":\"Uluk\u00f6k Kur\u015fun\",\"description\":\"Huda Ak\u00fc, Kur\u015fun Levha\",\"potentialAction\":[{\"@type\":\"SearchAction\",\"target\":{\"@type\":\"EntryPoint\",\"urlTemplate\":\"https:\\\/\\\/ulukokkursun.com\\\/?s={search_term_string}\"},\"query-input\":{\"@type\":\"PropertyValueSpecification\",\"valueRequired\":true,\"valueName\":\"search_term_string\"}}],\"inLanguage\":\"tr\"}]}<\/script>\n<!-- \/ Yoast SEO plugin. -->","yoast_head_json":{"title":"Misyonumuz - Uluk\u00f6k Kur\u015fun | 0(530) 344 5595","description":"Uluk\u00f6k Kur\u015fun 1976 y\u0131l\u0131nda ba\u015flad\u0131\u011f\u0131m\u0131z yolculu\u011fumuz her ge\u00e7en y\u0131l katlanarak devam etmekte ve \u00fclke ekonomimize katma de\u011fer olu\u015fturmak.","robots":{"index":"index","follow":"follow","max-snippet":"max-snippet:-1","max-image-preview":"max-image-preview:large","max-video-preview":"max-video-preview:-1"},"canonical":"https:\/\/ulukokkursun.com\/index.php\/ulukok-kursun-hakkimizda\/misyonumuz\/","og_locale":"tr_TR","og_type":"article","og_title":"Misyonumuz - Uluk\u00f6k Kur\u015fun | 0(530) 344 5595","og_description":"Uluk\u00f6k Kur\u015fun 1976 y\u0131l\u0131nda ba\u015flad\u0131\u011f\u0131m\u0131z yolculu\u011fumuz her ge\u00e7en y\u0131l katlanarak devam etmekte ve \u00fclke ekonomimize katma de\u011fer olu\u015fturmak.","og_url":"https:\/\/ulukokkursun.com\/index.php\/ulukok-kursun-hakkimizda\/misyonumuz\/","og_site_name":"Uluk\u00f6k Kur\u015fun","article_modified_time":"2025-12-07T20:12:55+00:00","twitter_card":"summary_large_image","twitter_misc":{"Tahmini okuma s\u00fcresi":"1 dakika"},"schema":{"@context":"https:\/\/schema.org","@graph":[{"@type":"WebPage","@id":"https:\/\/ulukokkursun.com\/index.php\/ulukok-kursun-hakkimizda\/misyonumuz\/","url":"https:\/\/ulukokkursun.com\/index.php\/ulukok-kursun-hakkimizda\/misyonumuz\/","name":"Misyonumuz - Uluk\u00f6k Kur\u015fun | 0(530) 344 5595","isPartOf":{"@id":"https:\/\/ulukokkursun.com\/#website"},"datePublished":"2016-04-12T15:03:20+00:00","dateModified":"2025-12-07T20:12:55+00:00","description":"Uluk\u00f6k Kur\u015fun 1976 y\u0131l\u0131nda ba\u015flad\u0131\u011f\u0131m\u0131z yolculu\u011fumuz her ge\u00e7en y\u0131l katlanarak devam etmekte ve \u00fclke ekonomimize katma de\u011fer olu\u015fturmak.","breadcrumb":{"@id":"https:\/\/ulukokkursun.com\/index.php\/ulukok-kursun-hakkimizda\/misyonumuz\/#breadcrumb"},"inLanguage":"tr","potentialAction":[{"@type":"ReadAction","target":["https:\/\/ulukokkursun.com\/index.php\/ulukok-kursun-hakkimizda\/misyonumuz\/"]}]},{"@type":"BreadcrumbList","@id":"https:\/\/ulukokkursun.com\/index.php\/ulukok-kursun-hakkimizda\/misyonumuz\/#breadcrumb","itemListElement":[{"@type":"ListItem","position":1,"name":"Anasayfa","item":"https:\/\/ulukokkursun.com\/"},{"@type":"ListItem","position":2,"name":"Hakk\u0131m\u0131zda","item":"https:\/\/ulukokkursun.com\/index.php\/ulukok-kursun-hakkimizda\/"},{"@type":"ListItem","position":3,"name":"Misyonumuz"}]},{"@type":"WebSite","@id":"https:\/\/ulukokkursun.com\/#website","url":"https:\/\/ulukokkursun.com\/","name":"Uluk\u00f6k Kur\u015fun","description":"Huda Ak\u00fc, Kur\u015fun Levha","potentialAction":[{"@type":"SearchAction","target":{"@type":"EntryPoint","urlTemplate":"https:\/\/ulukokkursun.com\/?s={search_term_string}"},"query-input":{"@type":"PropertyValueSpecification","valueRequired":true,"valueName":"search_term_string"}}],"inLanguage":"tr"}]}},"_links":{"self":[{"href":"https:\/\/ulukokkursun.com\/index.php\/wp-json\/wp\/v2\/pages\/36","targetHints":{"allow":["GET"]}}],"collection":[{"href":"https:\/\/ulukokkursun.com\/index.php\/wp-json\/wp\/v2\/pages"}],"about":[{"href":"https:\/\/ulukokkursun.com\/index.php\/wp-json\/wp\/v2\/types\/page"}],"author":[{"embeddable":true,"href":"https:\/\/ulukokkursun.com\/index.php\/wp-json\/wp\/v2\/users\/1"}],"replies":[{"embeddable":true,"href":"https:\/\/ulukokkursun.com\/index.php\/wp-json\/wp\/v2\/comments?post=36"}],"version-history":[{"count":11,"href":"https:\/\/ulukokkursun.com\/index.php\/wp-json\/wp\/v2\/pages\/36\/revisions"}],"predecessor-version":[{"id":1353,"href":"https:\/\/ulukokkursun.com\/index.php\/wp-json\/wp\/v2\/pages\/36\/revisions\/1353"}],"up":[{"embeddable":true,"href":"https:\/\/ulukokkursun.com\/index.php\/wp-json\/wp\/v2\/pages\/7"}],"wp:attachment":[{"href":"https:\/\/ulukokkursun.com\/index.php\/wp-json\/wp\/v2\/media?parent=36"}],"curies":[{"name":"wp","href":"https:\/\/api.w.org\/{rel}","templated":true}]}}