{"id":1391,"date":"2026-05-01T12:05:41","date_gmt":"2026-05-01T12:05:41","guid":{"rendered":"https:\/\/ulukokkursun.com\/?page_id=1391"},"modified":"2026-05-01T12:30:26","modified_gmt":"2026-05-01T12:30:26","slug":"kursun-levha-agirlik-hesaplama","status":"publish","type":"page","link":"https:\/\/ulukokkursun.com\/index.php\/kursun-levha-agirlik-hesaplama\/","title":{"rendered":"Kur\u015fun Levha A\u011f\u0131rl\u0131k Hesaplama"},"content":{"rendered":"<p>[vc_row][vc_column][vc_raw_html]JTNDZGl2JTIwc3R5bGUlM0QlMjJtYXgtd2lkdGglM0E2MDBweCUzQnBhZGRpbmclM0EyMHB4JTNCYm9yZGVyJTNBMXB4JTIwc29saWQlMjAlMjNkZGQlM0Jib3JkZXItcmFkaXVzJTNBMTBweCUzQmJhY2tncm91bmQlM0ElMjNmOWY5ZjklM0IlMjIlM0UlMEElMjAlMjAlMEElMjAlMjAlM0NoMyUyMHN0eWxlJTNEJTIybWFyZ2luLWJvdHRvbSUzQTE1cHglM0IlMjIlM0VLdXIlQzUlOUZ1biUyMExldmhhJTIwQSVDNCU5RiVDNCVCMXJsJUM0JUIxayUyMEhlc2FwbGFtYSUzQyUyRmgzJTNFJTBBJTBBJTIwJTIwJTNDbGFiZWwlM0VLYWwlQzQlQjFubCVDNCVCMWslMjAlMjhtbSUyOSUzQyUyRmxhYmVsJTNFJTBBJTIwJTIwJTNDaW5wdXQlMjBpZCUzRCUyMmthbGlubGlrJTIyJTIwdHlwZSUzRCUyMm51bWJlciUyMiUyMHN0ZXAlM0QlMjIwLjElMjIlMjBwbGFjZWhvbGRlciUzRCUyMiVDMyU5NnJuJTNBJTIwMiUyMiUwQSUyMCUyMCUyMCUyMCUyMCUyMCUyMCUyMCUyMHN0eWxlJTNEJTIyd2lkdGglM0ExMDAlMjUlM0JwYWRkaW5nJTNBOHB4JTNCbWFyZ2luJTNBNXB4JTIwMCUyMDhweCUyMDAlM0IlMjIlM0UlMEElMEElMjAlMjAlM0NsYWJlbCUzRUFsYW4lMjAlMjhtJUMyJUIyJTI5JTNDJTJGbGFiZWwlM0UlMEElMjAlMjAlM0NpbnB1dCUyMGlkJTNEJTIyYWxhbiUyMiUyMHR5cGUlM0QlMjJudW1iZXIlMjIlMjBzdGVwJTNEJTIyMC4xJTIyJTIwcGxhY2Vob2xkZXIlM0QlMjIlQzMlOTZybiUzQSUyMDEwJTIyJTBBJTIwJTIwJTIwJTIwJTIwJTIwJTIwJTIwJTIwc3R5bGUlM0QlMjJ3aWR0aCUzQTEwMCUyNSUzQnBhZGRpbmclM0E4cHglM0JtYXJnaW4lM0E1cHglMjAwJTIwOHB4JTIwMCUzQiUyMiUzRSUwQSUwQSUyMCUyMCUzQ2RpdiUyMHN0eWxlJTNEJTIybWFyZ2luLXRvcCUzQTVweCUzQiUyMiUzRSUwQSUyMCUyMCUyMCUyMCUzQ2J1dHRvbiUyMG9uY2xpY2slM0QlMjJrdXJzdW5IZXNhcGxhJTI4JTI5JTIyJTBBJTIwJTIwJTIwJTIwJTIwJTIwJTIwJTIwJTIwJTIwJTIwJTIwc3R5bGUlM0QlMjJwYWRkaW5nJTNBMTBweCUyMDE4cHglM0JiYWNrZ3JvdW5kJTNBJTIzMjIyJTNCY29sb3IlM0ElMjNmZmYlM0Jib3JkZXIlM0Fub25lJTNCYm9yZGVyLXJhZGl1cyUzQTZweCUzQmN1cnNvciUzQXBvaW50ZXIlM0IlMjIlM0UlMEElMjAlMjAlMjAlMjAlMjAlMjBIZXNhcGxhJTBBJTIwJTIwJTIwJTIwJTNDJTJGYnV0dG9uJTNFJTBBJTIwJTIwJTNDJTJGZGl2JTNFJTBBJTBBJTIwJTIwJTNDZGl2JTIwaWQlM0QlMjJzb251YyUyMiUyMHN0eWxlJTNEJTIybWFyZ2luLXRvcCUzQTEwcHglM0Jmb250LXNpemUlM0ExNnB4JTNCZm9udC13ZWlnaHQlM0E2MDAlM0IlMjIlM0UlM0MlMkZkaXYlM0UlMEElMEElM0MlMkZkaXYlM0UlMEElMEElM0NzY3JpcHQlM0UlMEFmdW5jdGlvbiUyMGt1cnN1bkhlc2FwbGElMjglMjklMjAlN0IlMEElMjAlMjB2YXIlMjBrYWxpbmxpayUyMCUzRCUyMHBhcnNlRmxvYXQlMjhkb2N1bWVudC5nZXRFbGVtZW50QnlJZCUyOCUyMmthbGlubGlrJTIyJTI5LnZhbHVlJTI5JTNCJTBBJTIwJTIwdmFyJTIwYWxhbiUyMCUzRCUyMHBhcnNlRmxvYXQlMjhkb2N1bWVudC5nZXRFbGVtZW50QnlJZCUyOCUyMmFsYW4lMjIlMjkudmFsdWUlMjklM0IlMEElMjAlMjB2YXIlMjB5b2d1bmx1ayUyMCUzRCUyMDExLjM0JTNCJTBBJTBBJTIwJTIwaWYlMjAlMjhpc05hTiUyOGthbGlubGlrJTI5JTIwJTdDJTdDJTIwaXNOYU4lMjhhbGFuJTI5JTIwJTdDJTdDJTIwa2FsaW5saWslMjAlM0MlM0QlMjAwJTIwJTdDJTdDJTIwYWxhbiUyMCUzQyUzRCUyMDAlMjklMjAlN0IlMEElMjAlMjAlMjAlMjBkb2N1bWVudC5nZXRFbGVtZW50QnlJZCUyOCUyMnNvbnVjJTIyJTI5LmlubmVySFRNTCUyMCUzRCUyMCUyMkwlQzMlQkN0ZmVuJTIwZ2UlQzMlQTdlcmxpJTIwa2FsJUM0JUIxbmwlQzQlQjFrJTIwdmUlMjBhbGFuJTIwZ2lyaW5pei4lMjIlM0IlMEElMjAlMjAlMjAlMjByZXR1cm4lM0IlMEElMjAlMjAlN0QlMEElMEElMjAlMjB2YXIlMjBhZ2lybGlrJTIwJTNEJTIwa2FsaW5saWslMjAlMkElMjBhbGFuJTIwJTJBJTIweW9ndW5sdWslM0IlMEElMEElMjAlMjBkb2N1bWVudC5nZXRFbGVtZW50QnlJZCUyOCUyMnNvbnVjJTIyJTI5LmlubmVySFRNTCUyMCUzRCUwQSUyMCUyMCUyMCUyMCUyMlRvcGxhbSUyMGt1ciVDNSU5RnVuJTIwbGV2aGElMjBhJUM0JTlGJUM0JUIxcmwlQzQlQjElQzQlOUYlQzQlQjElM0ElMjAlMjIlMjAlMkIlMjBhZ2lybGlrLnRvRml4ZWQlMjgyJTI5JTIwJTJCJTIwJTIyJTIwa2clMjIlM0IlMEElN0QlMEElM0MlMkZzY3JpcHQlM0U=[\/vc_raw_html][vc_column_text]&nbsp;<\/p>\n<p><strong data-start=\"115\" data-end=\"149\">Kur\u015fun levha a\u011f\u0131rl\u0131k hesaplama<\/strong>, projelerde do\u011fru malzeme se\u00e7imi ve maliyet planlamas\u0131 a\u00e7\u0131s\u0131ndan kritik \u00f6neme sahiptir. Kur\u015fun levha yo\u011funlu\u011fu 11.34 g\/cm\u00b3 olup, kal\u0131nl\u0131\u011fa ba\u011fl\u0131 olarak metrekare ba\u015f\u0131na a\u011f\u0131rl\u0131k de\u011fi\u015fmektedir. Bu sayfada yer alan hesaplama arac\u0131 ile 1 mm\u2019den 50 mm\u2019ye kadar t\u00fcm kur\u015fun levha kal\u0131nl\u0131klar\u0131 i\u00e7in h\u0131zl\u0131 ve do\u011fru kg hesab\u0131 yapabilirsiniz. Radyasyon koruma, \u00e7at\u0131 kaplama ve end\u00fcstriyel uygulamalarda kullan\u0131lan kur\u015fun levha i\u00e7in anl\u0131k a\u011f\u0131rl\u0131k hesaplama imkan\u0131 sunulmaktad\u0131r.<\/p>\n<p>&nbsp;[\/vc_column_text][\/vc_column][\/vc_row]<\/p>\n","protected":false},"excerpt":{"rendered":"<p>[vc_row][vc_column][vc_raw_html]JTNDZGl2JTIwc3R5bGUlM0QlMjJtYXgtd2lkdGglM0E2MDBweCUzQnBhZGRpbmclM0EyMHB4JTNCYm9yZGVyJTNBMXB4JTIwc29saWQlMjAlMjNkZGQlM0Jib3JkZXItcmFkaXVzJTNBMTBweCUzQmJhY2tncm91bmQlM0ElMjNmOWY5ZjklM0IlMjIlM0UlMEElMjAlMjAlMEElMjAlMjAlM0NoMyUyMHN0eWxlJTNEJTIybWFyZ2luLWJvdHRvbSUzQTE1cHglM0IlMjIlM0VLdXIlQzUlOUZ1biUyMExldmhhJTIwQSVDNCU5RiVDNCVCMXJsJUM0JUIxayUyMEhlc2FwbGFtYSUzQyUyRmgzJTNFJTBBJTBBJTIwJTIwJTNDbGFiZWwlM0VLYWwlQzQlQjFubCVDNCVCMWslMjAlMjhtbSUyOSUzQyUyRmxhYmVsJTNFJTBBJTIwJTIwJTNDaW5wdXQlMjBpZCUzRCUyMmthbGlubGlrJTIyJTIwdHlwZSUzRCUyMm51bWJlciUyMiUyMHN0ZXAlM0QlMjIwLjElMjIlMjBwbGFjZWhvbGRlciUzRCUyMiVDMyU5NnJuJTNBJTIwMiUyMiUwQSUyMCUyMCUyMCUyMCUyMCUyMCUyMCUyMCUyMHN0eWxlJTNEJTIyd2lkdGglM0ExMDAlMjUlM0JwYWRkaW5nJTNBOHB4JTNCbWFyZ2luJTNBNXB4JTIwMCUyMDhweCUyMDAlM0IlMjIlM0UlMEElMEElMjAlMjAlM0NsYWJlbCUzRUFsYW4lMjAlMjhtJUMyJUIyJTI5JTNDJTJGbGFiZWwlM0UlMEElMjAlMjAlM0NpbnB1dCUyMGlkJTNEJTIyYWxhbiUyMiUyMHR5cGUlM0QlMjJudW1iZXIlMjIlMjBzdGVwJTNEJTIyMC4xJTIyJTIwcGxhY2Vob2xkZXIlM0QlMjIlQzMlOTZybiUzQSUyMDEwJTIyJTBBJTIwJTIwJTIwJTIwJTIwJTIwJTIwJTIwJTIwc3R5bGUlM0QlMjJ3aWR0aCUzQTEwMCUyNSUzQnBhZGRpbmclM0E4cHglM0JtYXJnaW4lM0E1cHglMjAwJTIwOHB4JTIwMCUzQiUyMiUzRSUwQSUwQSUyMCUyMCUzQ2RpdiUyMHN0eWxlJTNEJTIybWFyZ2luLXRvcCUzQTVweCUzQiUyMiUzRSUwQSUyMCUyMCUyMCUyMCUzQ2J1dHRvbiUyMG9uY2xpY2slM0QlMjJrdXJzdW5IZXNhcGxhJTI4JTI5JTIyJTBBJTIwJTIwJTIwJTIwJTIwJTIwJTIwJTIwJTIwJTIwJTIwJTIwc3R5bGUlM0QlMjJwYWRkaW5nJTNBMTBweCUyMDE4cHglM0JiYWNrZ3JvdW5kJTNBJTIzMjIyJTNCY29sb3IlM0ElMjNmZmYlM0Jib3JkZXIlM0Fub25lJTNCYm9yZGVyLXJhZGl1cyUzQTZweCUzQmN1cnNvciUzQXBvaW50ZXIlM0IlMjIlM0UlMEElMjAlMjAlMjAlMjAlMjAlMjBIZXNhcGxhJTBBJTIwJTIwJTIwJTIwJTNDJTJGYnV0dG9uJTNFJTBBJTIwJTIwJTNDJTJGZGl2JTNFJTBBJTBBJTIwJTIwJTNDZGl2JTIwaWQlM0QlMjJzb251YyUyMiUyMHN0eWxlJTNEJTIybWFyZ2luLXRvcCUzQTEwcHglM0Jmb250LXNpemUlM0ExNnB4JTNCZm9udC13ZWlnaHQlM0E2MDAlM0IlMjIlM0UlM0MlMkZkaXYlM0UlMEElMEElM0MlMkZkaXYlM0UlMEElMEElM0NzY3JpcHQlM0UlMEFmdW5jdGlvbiUyMGt1cnN1bkhlc2FwbGElMjglMjklMjAlN0IlMEElMjAlMjB2YXIlMjBrYWxpbmxpayUyMCUzRCUyMHBhcnNlRmxvYXQlMjhkb2N1bWVudC5nZXRFbGVtZW50QnlJZCUyOCUyMmthbGlubGlrJTIyJTI5LnZhbHVlJTI5JTNCJTBBJTIwJTIwdmFyJTIwYWxhbiUyMCUzRCUyMHBhcnNlRmxvYXQlMjhkb2N1bWVudC5nZXRFbGVtZW50QnlJZCUyOCUyMmFsYW4lMjIlMjkudmFsdWUlMjklM0IlMEElMjAlMjB2YXIlMjB5b2d1bmx1ayUyMCUzRCUyMDExLjM0JTNCJTBBJTBBJTIwJTIwaWYlMjAlMjhpc05hTiUyOGthbGlubGlrJTI5JTIwJTdDJTdDJTIwaXNOYU4lMjhhbGFuJTI5JTIwJTdDJTdDJTIwa2FsaW5saWslMjAlM0MlM0QlMjAwJTIwJTdDJTdDJTIwYWxhbiUyMCUzQyUzRCUyMDAlMjklMjAlN0IlMEElMjAlMjAlMjAlMjBkb2N1bWVudC5nZXRFbGVtZW50QnlJZCUyOCUyMnNvbnVjJTIyJTI5LmlubmVySFRNTCUyMCUzRCUyMCUyMkwlQzMlQkN0ZmVuJTIwZ2UlQzMlQTdlcmxpJTIwa2FsJUM0JUIxbmwlQzQlQjFrJTIwdmUlMjBhbGFuJTIwZ2lyaW5pei4lMjIlM0IlMEElMjAlMjAlMjAlMjByZXR1cm4lM0IlMEElMjAlMjAlN0QlMEElMEElMjAlMjB2YXIlMjBhZ2lybGlrJTIwJTNEJTIwa2FsaW5saWslMjAlMkElMjBhbGFuJTIwJTJBJTIweW9ndW5sdWslM0IlMEElMEElMjAlMjBkb2N1bWVudC5nZXRFbGVtZW50QnlJZCUyOCUyMnNvbnVjJTIyJTI5LmlubmVySFRNTCUyMCUzRCUwQSUyMCUyMCUyMCUyMCUyMlRvcGxhbSUyMGt1ciVDNSU5RnVuJTIwbGV2aGElMjBhJUM0JTlGJUM0JUIxcmwlQzQlQjElQzQlOUYlQzQlQjElM0ElMjAlMjIlMjAlMkIlMjBhZ2lybGlrLnRvRml4ZWQlMjgyJTI5JTIwJTJCJTIwJTIyJTIwa2clMjIlM0IlMEElN0QlMEElM0MlMkZzY3JpcHQlM0U=[\/vc_raw_html][vc_column_text]&nbsp; Kur\u015fun levha a\u011f\u0131rl\u0131k hesaplama, projelerde do\u011fru malzeme se\u00e7imi ve maliyet planlamas\u0131 a\u00e7\u0131s\u0131ndan kritik \u00f6neme sahiptir. Kur\u015fun levha yo\u011funlu\u011fu 11.34 g\/cm\u00b3 olup, kal\u0131nl\u0131\u011fa ba\u011fl\u0131 olarak metrekare ba\u015f\u0131na a\u011f\u0131rl\u0131k de\u011fi\u015fmektedir. Bu sayfada yer alan hesaplama arac\u0131 ile 1 mm\u2019den 50 mm\u2019ye kadar t\u00fcm kur\u015fun levha kal\u0131nl\u0131klar\u0131 i\u00e7in h\u0131zl\u0131 ve do\u011fru kg hesab\u0131 yapabilirsiniz. Radyasyon koruma, \u00e7at\u0131 [&hellip;]<\/p>\n","protected":false},"author":1,"featured_media":1383,"parent":0,"menu_order":0,"comment_status":"closed","ping_status":"closed","template":"","meta":{"footnotes":""},"class_list":["post-1391","page","type-page","status-publish","has-post-thumbnail","hentry"],"yoast_head":"<!-- This site is optimized with the Yoast SEO plugin v27.5 - https:\/\/yoast.com\/product\/yoast-seo-wordpress\/ -->\n<title>Kur\u015fun Levha A\u011f\u0131rl\u0131k Hesaplama - Uluk\u00f6k Kur\u015fun<\/title>\n<meta name=\"description\" content=\"Kur\u015fun Levha A\u011f\u0131rl\u0131k Hesaplama | 1 m Ka\u00e7 Kg? Kur\u015fun levha a\u011f\u0131rl\u0131k hesaplama arac\u0131 ile 1 mm \u2013 50 mm aras\u0131 t\u00fcm kal\u0131nl\u0131klar i\u00e7in kg hesab\u0131 yap\u0131n.\" \/>\n<meta name=\"robots\" content=\"index, follow, max-snippet:-1, max-image-preview:large, max-video-preview:-1\" \/>\n<link rel=\"canonical\" href=\"https:\/\/ulukokkursun.com\/index.php\/kursun-levha-agirlik-hesaplama\/\" \/>\n<meta property=\"og:locale\" content=\"tr_TR\" \/>\n<meta property=\"og:type\" content=\"article\" \/>\n<meta property=\"og:title\" content=\"Kur\u015fun Levha A\u011f\u0131rl\u0131k Hesaplama - Uluk\u00f6k Kur\u015fun\" \/>\n<meta property=\"og:description\" content=\"Kur\u015fun Levha A\u011f\u0131rl\u0131k Hesaplama | 1 m Ka\u00e7 Kg? Kur\u015fun levha a\u011f\u0131rl\u0131k hesaplama arac\u0131 ile 1 mm \u2013 50 mm aras\u0131 t\u00fcm kal\u0131nl\u0131klar i\u00e7in kg hesab\u0131 yap\u0131n.\" \/>\n<meta property=\"og:url\" content=\"https:\/\/ulukokkursun.com\/index.php\/kursun-levha-agirlik-hesaplama\/\" \/>\n<meta property=\"og:site_name\" content=\"Uluk\u00f6k Kur\u015fun\" \/>\n<meta property=\"article:modified_time\" content=\"2026-05-01T12:30:26+00:00\" \/>\n<meta property=\"og:image\" content=\"https:\/\/ulukokkursun.com\/wp-content\/uploads\/2026\/05\/1-819x1024.png\" \/>\n\t<meta property=\"og:image:width\" content=\"819\" \/>\n\t<meta property=\"og:image:height\" content=\"1024\" \/>\n\t<meta property=\"og:image:type\" content=\"image\/png\" \/>\n<meta name=\"twitter:card\" content=\"summary_large_image\" \/>\n<meta name=\"twitter:label1\" content=\"Tahmini okuma s\u00fcresi\" \/>\n\t<meta name=\"twitter:data1\" content=\"1 dakika\" \/>\n<script type=\"application\/ld+json\" class=\"yoast-schema-graph\">{\"@context\":\"https:\\\/\\\/schema.org\",\"@graph\":[{\"@type\":\"WebPage\",\"@id\":\"https:\\\/\\\/ulukokkursun.com\\\/index.php\\\/kursun-levha-agirlik-hesaplama\\\/\",\"url\":\"https:\\\/\\\/ulukokkursun.com\\\/index.php\\\/kursun-levha-agirlik-hesaplama\\\/\",\"name\":\"Kur\u015fun Levha A\u011f\u0131rl\u0131k Hesaplama - Uluk\u00f6k Kur\u015fun\",\"isPartOf\":{\"@id\":\"https:\\\/\\\/ulukokkursun.com\\\/#website\"},\"primaryImageOfPage\":{\"@id\":\"https:\\\/\\\/ulukokkursun.com\\\/index.php\\\/kursun-levha-agirlik-hesaplama\\\/#primaryimage\"},\"image\":{\"@id\":\"https:\\\/\\\/ulukokkursun.com\\\/index.php\\\/kursun-levha-agirlik-hesaplama\\\/#primaryimage\"},\"thumbnailUrl\":\"https:\\\/\\\/ulukokkursun.com\\\/wp-content\\\/uploads\\\/2026\\\/05\\\/1.png\",\"datePublished\":\"2026-05-01T12:05:41+00:00\",\"dateModified\":\"2026-05-01T12:30:26+00:00\",\"description\":\"Kur\u015fun Levha A\u011f\u0131rl\u0131k Hesaplama | 1 m Ka\u00e7 Kg? Kur\u015fun levha a\u011f\u0131rl\u0131k hesaplama arac\u0131 ile 1 mm \u2013 50 mm aras\u0131 t\u00fcm kal\u0131nl\u0131klar i\u00e7in kg hesab\u0131 yap\u0131n.\",\"breadcrumb\":{\"@id\":\"https:\\\/\\\/ulukokkursun.com\\\/index.php\\\/kursun-levha-agirlik-hesaplama\\\/#breadcrumb\"},\"inLanguage\":\"tr\",\"potentialAction\":[{\"@type\":\"ReadAction\",\"target\":[\"https:\\\/\\\/ulukokkursun.com\\\/index.php\\\/kursun-levha-agirlik-hesaplama\\\/\"]}]},{\"@type\":\"ImageObject\",\"inLanguage\":\"tr\",\"@id\":\"https:\\\/\\\/ulukokkursun.com\\\/index.php\\\/kursun-levha-agirlik-hesaplama\\\/#primaryimage\",\"url\":\"https:\\\/\\\/ulukokkursun.com\\\/wp-content\\\/uploads\\\/2026\\\/05\\\/1.png\",\"contentUrl\":\"https:\\\/\\\/ulukokkursun.com\\\/wp-content\\\/uploads\\\/2026\\\/05\\\/1.png\",\"width\":1620,\"height\":2025,\"caption\":\"kur\u015fun levha a\u011f\u0131rl\u0131k hesaplama tablosu 1 mm 50 mm kg de\u011ferleri\"},{\"@type\":\"BreadcrumbList\",\"@id\":\"https:\\\/\\\/ulukokkursun.com\\\/index.php\\\/kursun-levha-agirlik-hesaplama\\\/#breadcrumb\",\"itemListElement\":[{\"@type\":\"ListItem\",\"position\":1,\"name\":\"Anasayfa\",\"item\":\"https:\\\/\\\/ulukokkursun.com\\\/\"},{\"@type\":\"ListItem\",\"position\":2,\"name\":\"Kur\u015fun Levha A\u011f\u0131rl\u0131k Hesaplama\"}]},{\"@type\":\"WebSite\",\"@id\":\"https:\\\/\\\/ulukokkursun.com\\\/#website\",\"url\":\"https:\\\/\\\/ulukokkursun.com\\\/\",\"name\":\"Uluk\u00f6k Kur\u015fun\",\"description\":\"Huda Ak\u00fc, Kur\u015fun Levha\",\"potentialAction\":[{\"@type\":\"SearchAction\",\"target\":{\"@type\":\"EntryPoint\",\"urlTemplate\":\"https:\\\/\\\/ulukokkursun.com\\\/?s={search_term_string}\"},\"query-input\":{\"@type\":\"PropertyValueSpecification\",\"valueRequired\":true,\"valueName\":\"search_term_string\"}}],\"inLanguage\":\"tr\"}]}<\/script>\n<!-- \/ Yoast SEO plugin. -->","yoast_head_json":{"title":"Kur\u015fun Levha A\u011f\u0131rl\u0131k Hesaplama - Uluk\u00f6k Kur\u015fun","description":"Kur\u015fun Levha A\u011f\u0131rl\u0131k Hesaplama | 1 m Ka\u00e7 Kg? Kur\u015fun levha a\u011f\u0131rl\u0131k hesaplama arac\u0131 ile 1 mm \u2013 50 mm aras\u0131 t\u00fcm kal\u0131nl\u0131klar i\u00e7in kg hesab\u0131 yap\u0131n.","robots":{"index":"index","follow":"follow","max-snippet":"max-snippet:-1","max-image-preview":"max-image-preview:large","max-video-preview":"max-video-preview:-1"},"canonical":"https:\/\/ulukokkursun.com\/index.php\/kursun-levha-agirlik-hesaplama\/","og_locale":"tr_TR","og_type":"article","og_title":"Kur\u015fun Levha A\u011f\u0131rl\u0131k Hesaplama - Uluk\u00f6k Kur\u015fun","og_description":"Kur\u015fun Levha A\u011f\u0131rl\u0131k Hesaplama | 1 m Ka\u00e7 Kg? Kur\u015fun levha a\u011f\u0131rl\u0131k hesaplama arac\u0131 ile 1 mm \u2013 50 mm aras\u0131 t\u00fcm kal\u0131nl\u0131klar i\u00e7in kg hesab\u0131 yap\u0131n.","og_url":"https:\/\/ulukokkursun.com\/index.php\/kursun-levha-agirlik-hesaplama\/","og_site_name":"Uluk\u00f6k Kur\u015fun","article_modified_time":"2026-05-01T12:30:26+00:00","og_image":[{"width":819,"height":1024,"url":"https:\/\/ulukokkursun.com\/wp-content\/uploads\/2026\/05\/1-819x1024.png","type":"image\/png"}],"twitter_card":"summary_large_image","twitter_misc":{"Tahmini okuma s\u00fcresi":"1 dakika"},"schema":{"@context":"https:\/\/schema.org","@graph":[{"@type":"WebPage","@id":"https:\/\/ulukokkursun.com\/index.php\/kursun-levha-agirlik-hesaplama\/","url":"https:\/\/ulukokkursun.com\/index.php\/kursun-levha-agirlik-hesaplama\/","name":"Kur\u015fun Levha A\u011f\u0131rl\u0131k Hesaplama - Uluk\u00f6k Kur\u015fun","isPartOf":{"@id":"https:\/\/ulukokkursun.com\/#website"},"primaryImageOfPage":{"@id":"https:\/\/ulukokkursun.com\/index.php\/kursun-levha-agirlik-hesaplama\/#primaryimage"},"image":{"@id":"https:\/\/ulukokkursun.com\/index.php\/kursun-levha-agirlik-hesaplama\/#primaryimage"},"thumbnailUrl":"https:\/\/ulukokkursun.com\/wp-content\/uploads\/2026\/05\/1.png","datePublished":"2026-05-01T12:05:41+00:00","dateModified":"2026-05-01T12:30:26+00:00","description":"Kur\u015fun Levha A\u011f\u0131rl\u0131k Hesaplama | 1 m Ka\u00e7 Kg? Kur\u015fun levha a\u011f\u0131rl\u0131k hesaplama arac\u0131 ile 1 mm \u2013 50 mm aras\u0131 t\u00fcm kal\u0131nl\u0131klar i\u00e7in kg hesab\u0131 yap\u0131n.","breadcrumb":{"@id":"https:\/\/ulukokkursun.com\/index.php\/kursun-levha-agirlik-hesaplama\/#breadcrumb"},"inLanguage":"tr","potentialAction":[{"@type":"ReadAction","target":["https:\/\/ulukokkursun.com\/index.php\/kursun-levha-agirlik-hesaplama\/"]}]},{"@type":"ImageObject","inLanguage":"tr","@id":"https:\/\/ulukokkursun.com\/index.php\/kursun-levha-agirlik-hesaplama\/#primaryimage","url":"https:\/\/ulukokkursun.com\/wp-content\/uploads\/2026\/05\/1.png","contentUrl":"https:\/\/ulukokkursun.com\/wp-content\/uploads\/2026\/05\/1.png","width":1620,"height":2025,"caption":"kur\u015fun levha a\u011f\u0131rl\u0131k hesaplama tablosu 1 mm 50 mm kg de\u011ferleri"},{"@type":"BreadcrumbList","@id":"https:\/\/ulukokkursun.com\/index.php\/kursun-levha-agirlik-hesaplama\/#breadcrumb","itemListElement":[{"@type":"ListItem","position":1,"name":"Anasayfa","item":"https:\/\/ulukokkursun.com\/"},{"@type":"ListItem","position":2,"name":"Kur\u015fun Levha A\u011f\u0131rl\u0131k Hesaplama"}]},{"@type":"WebSite","@id":"https:\/\/ulukokkursun.com\/#website","url":"https:\/\/ulukokkursun.com\/","name":"Uluk\u00f6k Kur\u015fun","description":"Huda Ak\u00fc, Kur\u015fun Levha","potentialAction":[{"@type":"SearchAction","target":{"@type":"EntryPoint","urlTemplate":"https:\/\/ulukokkursun.com\/?s={search_term_string}"},"query-input":{"@type":"PropertyValueSpecification","valueRequired":true,"valueName":"search_term_string"}}],"inLanguage":"tr"}]}},"_links":{"self":[{"href":"https:\/\/ulukokkursun.com\/index.php\/wp-json\/wp\/v2\/pages\/1391","targetHints":{"allow":["GET"]}}],"collection":[{"href":"https:\/\/ulukokkursun.com\/index.php\/wp-json\/wp\/v2\/pages"}],"about":[{"href":"https:\/\/ulukokkursun.com\/index.php\/wp-json\/wp\/v2\/types\/page"}],"author":[{"embeddable":true,"href":"https:\/\/ulukokkursun.com\/index.php\/wp-json\/wp\/v2\/users\/1"}],"replies":[{"embeddable":true,"href":"https:\/\/ulukokkursun.com\/index.php\/wp-json\/wp\/v2\/comments?post=1391"}],"version-history":[{"count":12,"href":"https:\/\/ulukokkursun.com\/index.php\/wp-json\/wp\/v2\/pages\/1391\/revisions"}],"predecessor-version":[{"id":1404,"href":"https:\/\/ulukokkursun.com\/index.php\/wp-json\/wp\/v2\/pages\/1391\/revisions\/1404"}],"wp:featuredmedia":[{"embeddable":true,"href":"https:\/\/ulukokkursun.com\/index.php\/wp-json\/wp\/v2\/media\/1383"}],"wp:attachment":[{"href":"https:\/\/ulukokkursun.com\/index.php\/wp-json\/wp\/v2\/media?parent=1391"}],"curies":[{"name":"wp","href":"https:\/\/api.w.org\/{rel}","templated":true}]}}